Let v = 8370 - 6945. What is the units digit of v?
5
Suppose -g - 2 - 1 = 0, 0 = -3*p - 5*g + 183. Suppose -2*t - 149 = -3*t - 3*u, 665 = 5*t - u. Let f = t - p. What is the tens digit of f?
6
Suppose -11*c = -14*c. Suppose b - 4*o = 461, -5*b + 14*o - 9*o + 2230 = c. What is the tens digit of b?
4
Suppose 15*j = 13*j + 1100. Let d = j - 216. What is the units digit of d?
4
Suppose 2425 = -4*j - 2*m + m, -4*m + 1190 = -2*j. What is the hundreds digit of 11/(j/(-29117)) - 2/5?
5
Let j(c) = 5*c - 6 - 2*c - 9*c + 23. Let f be j(2). Suppose f*d - i = 1007, d - i = -3*d + 805. What is the hundreds digit of d?
2
Suppose 5*n - 12874 - 5481 = u, 4*n - 14675 = -u. What is the thousands digit of n?
3
Let d = 50 - 48. Suppose 4*t - 6*a = -d*a + 32, -t - 4*a - 12 = 0. Suppose -2*i = 4*l - 80, t*l + 2*i - 7*i - 108 = 0. What is the tens digit of l?
2
Let s be 21/6*(-6)/(-21). Let d be (-12 + 12)/(s + 0). Suppose d = -16*p + 160 + 512. What is the units digit of p?
2
Suppose 2*h = -3*t + t - 30, -h - 7 = 3*t. Let k(m) = 262*m - 124. Let l be k(1). Let x = h + l. What is the tens digit of x?
1
Let h(q) = 5 - 4 - 4 - 3*q. Let k be h(-2). Suppose -58 = -k*w + 95. What is the tens digit of w?
5
Let z(q) = -3*q**2 - 14*q - 8. Let p be z(-4). Suppose -5*m + 71 - 6 = p. Suppose -m*a + 236 = -1064. What is the hundreds digit of a?
1
Let x(g) be the first derivative of 2*g**3/3 - 3*g**2 - 30*g - 48. Let o be x(6). Suppose -292 = o*w - 10*w. What is the units digit of w?
3
Let w(m) = m**2 - 13*m - 9. Let i be w(14). Suppose -2 = -4*b + 6. Suppose -i*g = -b*g - 642. What is the hundreds digit of g?
2
Let v(t) be the third derivative of -t**5/60 + 4*t**4/3 - 27*t**3/2 - 300*t**2. What is the units digit of v(6)?
5
Let w(r) = -r**3 + 6*r**2 - 39*r - 25. What is the tens digit of w(-12)?
3
Let q = -1900 - -8971. What is the tens digit of q?
7
Let b = 72809 - 35985. What is the thousands digit of b?
6
Let g be (-21)/9*1428/(-4). Suppose -3*c + g + 91 = 0. Suppose -6*r = r - c. What is the tens digit of r?
4
Suppose -s - u + 0*u = -4, -2*u - 17 = -3*s. What is the units digit of 6826/s + (-5)/25?
5
Suppose 32*a - 230719 = -30*a - 53833. What is the units digit of a?
3
Suppose 13353 = -3*r + 3*d + 78624, -3*r - d + 65291 = 0. What is the ten thousands digit of r?
2
Suppose -15*o + 36*o = 294. Suppose 21720 = -2*y + o*y. What is the hundreds digit of y?
8
Let d(n) = -n**3 + 4*n**2 - 22*n + 35. Let k(i) = 3*i**2 - 24*i + 34. Let z(p) = -3*d(p) + 4*k(p). What is the hundreds digit of z(6)?
4
Suppose -16*y = -19*y - 1335. Let u = y + 519. What is the units digit of u?
4
Let t be (80/(-12) - -7)/((-1)/(-30)). Suppose -5*v + 3*g + 206 + 1112 = 0, 4*v + 2*g - 1072 = 0. Suppose t*q - v = -4*q. What is the tens digit of q?
1
Let a(g) = 327*g**3 + 4*g**2 + 3*g. Let l(x) = -653*x**3 - 9*x**2 - 6*x + 1. Let f(c) = -5*a(c) - 2*l(c). What is the tens digit of f(-1)?
2
Let m = 10953 - 5438. What is the thousands digit of m?
5
Suppose 39*y + 24*y + 25*y = 932976. What is the ten thousands digit of y?
1
Let q = -145 + 50. Let f = q + 199. What is the hundreds digit of f?
1
Let w = -27 + 147. What is the units digit of 80*(6 + w/(-32))?
0
What is the thousands digit of -5 + 10056 - (6 + -1)?
0
What is the units digit of ((-1)/6)/1 - (-60922387)/3966?
1
Suppose -4 - 7 = -2*a - 3*u, -2 = 2*u. Suppose -a - 20 = -3*n. Suppose 1194 = n*s + 276. What is the hundreds digit of s?
1
What is the hundreds digit of 1100/660*(-7827)/(-5)?
6
Let l(o) = -3*o - 4. Let a be l(0). Let t be (0/a)/((-1)/1). Suppose 10*k + t*k = 1650. What is the tens digit of k?
6
Let y be 5 + (-12)/4 + -2. What is the hundreds digit of (-9 - -8 - y)*199/(-1)?
1
Suppose -3320 = -13*u + 6469. Suppose 2*k = 0, -u = -w + 3*k + 156. What is the units digit of w?
9
Let m(o) = 14 + 4*o - o**3 + 9*o**2 + 4*o - o**2. Suppose 0 = 10*t + 5*t - 16*t + 8. What is the tens digit of m(t)?
7
Let j(s) = 102*s**2 - 2*s - 18. Let m be j(-6). Suppose x - 14*x = m. Let w = 446 + x. What is the tens digit of w?
6
Suppose -4*h = -2*h - i - 29, 5*i + 33 = 3*h. Let m(o) = 9*o - h*o**2 + 6*o**2 - o**3 + 0*o**3 + 13 + 21*o**2. What is the units digit of m(11)?
2
Let z(p) = 11*p - 1. Let d be z(1). Let s(h) = 3*h + 10*h**2 - 4 - 19*h**2 + h**2 + h**3. What is the units digit of s(d)?
6
Suppose -79 - 236 = -9*d. Suppose 3*x = d - 26. Suppose 0 = -2*h - x*w + 84, h - 210 = -4*h + w. What is the units digit of h?
2
What is the units digit of ((-14)/(-4) - (0 + 3)) + 2523/6?
1
Suppose -472 = 6*o + 2*o. Let l = o + 58. What is the units digit of l/(4/(-152)) + -2?
6
Let i be 12/15*(2/(-4) + 3). Suppose k = i*k - 116. Suppose k = 3*r - 5*j, j = -r - r + 73. What is the tens digit of r?
3
Suppose -5*l = -10, -3*r + l = 5*l - 530. Suppose 173*p + 331 = r*p. What is the hundreds digit of p?
3
Suppose -3*b + 2*o - 44 = -0*o, 0 = 3*b - 5*o + 56. Let f(u) = -2*u**3 - 21*u**2 + 9*u + 26. What is the hundreds digit of f(b)?
3
Let y(l) = 2329*l**2 - 66*l + 167. What is the tens digit of y(3)?
3
Suppose 2*q = -p + 29728, 390*p - 392*p + 4*q + 59408 = 0. What is the ten thousands digit of p?
2
Suppose 4*d = 2*k - 4, 0 = -d + k + k + 5. Let t be (-14)/(-3)*36/(-12)*d. What is the tens digit of (-2)/(-7) + 3936/t?
9
Let n(f) = -1 - 1 - 4*f + 655*f**2 + 6 + 258*f**2 - 59*f**2. What is the tens digit of n(1)?
5
Let w = 157 - 155. What is the hundreds digit of w*9/(-30)*-605?
3
Let a = 703 - 343. Suppose a = 2*v - v + f, 0 = -2*v + f + 717. What is the units digit of v?
9
Let d(f) = 4 - 9*f - 7*f + 37*f - 6*f. Let c be 2/(-1) - (-2 - 3). What is the tens digit of d(c)?
4
Let z(f) = 9*f**2 + 2*f + 3. Let o be z(4). Suppose 601 + 239 = 30*l. Suppose -l - o = -u. What is the units digit of u?
3
Let t(b) = 9*b - 5. Let u(g) = 7*g - 6. Let m(l) = 11*l - 9. Let y(x) = 5*m(x) - 8*u(x). Let h be y(-7). What is the units digit of t(h)?
5
Let y(o) = 39*o**2 + 8*o - 40. Let p(n) = -77*n**2 - 17*n + 79. Let b(s) = -6*p(s) - 11*y(s). What is the thousands digit of b(7)?
1
Let k(w) be the second derivative of -7*w**4/8 + 3*w**3/2 + 8*w**2 - 27*w. Let g(a) be the first derivative of k(a). What is the tens digit of g(-4)?
9
What is the ten thousands digit of (-8)/(-20)*-35 - -27392?
2
Let s(n) = -n**3 + 28*n**2 - 147*n + 2454. What is the hundreds digit of s(21)?
4
What is the units digit of 52/(36/9) + 9691?
4
Suppose x = 4*c - 3582 + 259, 4*x - 3348 = -4*c. Suppose c - 88 = -3*m. Let h = -116 - m. What is the tens digit of h?
3
Let h = -255 - -273. Suppose h*f + 5*f - 14214 = 0. What is the tens digit of f?
1
Let x = -3602 + 3815. What is the tens digit of x?
1
Let a(f) = -9*f + 6. Let v(o) = o**3 + 12 - 11*o**2 - 4 + 0*o**3 + 0*o**3 + 9*o. Let y be v(10). What is the tens digit of a(y)?
2
Suppose 2*c = -4*q + 46434, 5*c - 32*q - 116099 = -35*q. What is the tens digit of c?
2
Suppose 563*u - 558*u = -1290. Let d = u + 659. What is the units digit of d?
1
What is the hundreds digit of 1 - 5/7 - (0 + 449272/(-56))?
0
What is the thousands digit of -1 + -2 + 27/6 + 19699/2?
9
Suppose 7540 = -50*n + 21*n. Let g = -142 - n. What is the units digit of g?
8
Suppose -51*c = -28*c - 115. Suppose -3891 = -c*w + 1069. What is the tens digit of w?
9
Suppose 4*k = -5*b + 43218, 234*b - 235*b + 2 = 0. What is the hundreds digit of k?
8
Suppose -9*w - z = -18*w + 91744, 3*w + 2*z = 30586. What is the thousands digit of w?
0
Let i be 63/(-2) + 55/110. Let m(w) = 2*w + 97. What is the units digit of m(i)?
5
Let t(x) = -2 + 30 + 31 + 2*x - 5. Let y be t(-26). Let a(v) = 23*v**3 + v**2 - 3*v + 1. What is the tens digit of a(y)?
8
Let v = 31 + -37. Let n(c) = -c**3 - 8*c**2 - 12*c + 2. Let l be n(v). What is the tens digit of (3 - -187)/(4 - l)?
9
Let k(y) = y**2 - 14*y + 5. Let u be k(14). Let h be -3*u/5 + 1*22. Suppose f = 76 - h. What is the tens digit of f?
5
Suppose -60461 = -11*z + 82616. What is the ten thousands digit of z?
1
Suppose 4*s = -6*a + 13642, -a + 56*s = 55*s - 2282. What is the thousands digit of a?
2
Let a = -1291 + 3523. Suppose 25*s - 33*s + a = 0. What is the units digit of s?
9
Let p(s) = 41*s - 157. Let g be p(10). Suppose -g*o = -255*o + 634. What is the units digit of o?
7
Let k(n) = 822*n**2 - 3*n + 41. What is the hundreds digit of k(3)?
4
Suppose -5*k = -9 - 1. Suppose -18